ose 5*x = -3*x + 16104. Suppose -2*f - 2*f = v - x, 487 = f - 3*v. Is 3 + f - 3 - -3 prime?
False
Let z(w) = -w**3 + 10*w**2 - 5*w - 14. Let i be z(6). Let n = i + -31. Is n a composite number?
True
Is ((-2)/(-5) + (-12)/(-20))*5077 a composite number?
False
Suppose -5*a - 977 = 4*o, 2*o = a - 0*o + 201. Suppose 0*n - n + 368 = 0. Let j = n - a. Is j prime?
False
Let i = -9074 + 14460. Is i a composite number?
True
Let x(q) = -1 + 8*q - 3*q + 0. Let n be x(1). Suppose 0 = -t - 5*f + 44 + 58, -5*t + 447 = n*f. Is t a prime number?
False
Let q(c) = c**2 - 9*c + 7. Let j be (-1 + 4)/(21/14). Suppose -27 = -5*z + j*z. Is q(z) composite?
False
Let i = 8 - 6. Suppose -3*j = -4*k + 68, -2*k + i*j = -5*k + 34. Is k a prime number?
False
Let y be 4/(-8)*-194 - 3. Let w = y - -39. Is w prime?
False
Let b = -161 - -243. Suppose -2*z = -s + 58 - 18, -5*z = 2*s + b. Is -246*-3*(-3)/z prime?
False
Let j(g) = -13*g - 7. Let p(t) = t + 3. Let u(z) = -3*z**2 + 3*z - 3. Let f be u(2). Let i be p(f). Is j(i) a composite number?
False
Let d(j) = -j**3 + 11*j**2 - 5*j + 12. Let a = 23 + -14. Is d(a) a composite number?
True
Let d = 4 - -2. Suppose -3*y + d*y + 12 = 0. Is ((-4)/y)/(2/166) a composite number?
False
Let q = -1 - -4. Let c = 0 + q. Is -5 + 61 + c/1 composite?
False
Suppose 0 = 2*l - 3*m - 1273 - 482, 2*m + 3514 = 4*l. Is l a prime number?
False
Let i(o) = 83*o**2 - 2*o - 9. Let p be i(-6). Suppose p = 4*m + 5*t, -1497 = -2*m - 0*t - t. Is m a composite number?
True
Is (69 - 78) + 1 + 11065 a composite number?
False
Suppose -5*w - 156 + 451 = 0. Suppose -2*u - 1077 = -w. Let k = -298 - u. Is k composite?
False
Let s(g) be the third derivative of 5*g**4/8 + 6*g**2. Let i be s(6). Let o = 157 - i. Is o a prime number?
True
Let p = -24643 + 48572. Is p composite?
False
Let q(z) = -68*z**3 + 9*z**2 - 26*z - 158. Is q(-7) a prime number?
True
Suppose -1465 = -2*v + 3*l + 2231, 0 = 2*l + 8. Suppose c - v = -c. Is c a composite number?
True
Let x = -1 - -6. Suppose y + x*k - 470 = 0, -3*y - 3*k + 1315 = -7*k. Is y composite?
True
Let t(a) = 41*a**3 - 2*a**2 + 9*a - 15. Let c be t(-6). Is -1*2/3*c/2 a prime number?
True
Is 4935/30*(2 - 0) prime?
False
Let r(p) = -441*p - 6. Let i(d) = -291*d - 4. Let j(h) = -290*h - 4. Let k(l) = -4*i(l) + 3*j(l). Let x(c) = 7*k(c) + 5*r(c). Is x(-1) composite?
True
Let b = -167 - -1807. Suppose 5*x + 3*x - b = 0. Is x a prime number?
False
Let h be 16/(-20) + 19892/(-10). Let j = 2975 + h. Is j prime?
False
Let s = 20 + -10. Is (8/s)/((-6)/68025*-5) prime?
False
Let r(w) = 143*w - 12. Suppose -7*b - 2 = -79. Is r(b) composite?
True
Let a be (1 - 2) + (40 - 11). Is 141/21 + 8/a a composite number?
False
Let w(x) = -x + 1. Let o be w(1). Suppose d + 2*d = o. Suppose d*z + 33 = z. Is z composite?
True
Suppose -3*i - 2433 + 11777 = 5*l, -5*i + 9350 = 5*l. Is l a composite number?
False
Suppose g + 19 - 24 = 0, 4*z - 4*g = 11736. Is z a prime number?
True
Is 3*(-4)/96 - 2609/(-8) a composite number?
True
Suppose 110258 = -19*p + 554535. Is p a prime number?
False
Let s = -171 - -23. Suppose -24*f + 19*f = -1165. Let n = s + f. Is n a prime number?
False
Suppose -12*w - 565 = -7*w. Let z = 232 + w. Is z composite?
True
Let f = -4010 - -7315. Is f a composite number?
True
Let q = 109 + -106. Suppose -c = q*c - 1780. Is c composite?
True
Let q = 10604 + -2185. Is q prime?
True
Let x = 5164 + -3191. Is x prime?
True
Suppose 4*f - 7 = -31. Let c = 11 + f. Suppose 2*n + 424 = c*n + q, 3*n + 5*q - 404 = 0. Is n a composite number?
True
Suppose -4*l - 4*l = -40. Let o(t) = 4*t**3 + 4*t**2 + 3. Let k be o(3). Suppose k + 178 = l*q. Is q prime?
False
Is -203*(-3)/9*3 prime?
False
Let p = -30 + 32. Is 2/p*(7 - -226) prime?
True
Let t(w) = -6*w**2 + 3*w**2 + 2*w**2 - 3*w - 4 - 1. Let d be t(5). Let k = 96 + d. Is k prime?
False
Let p(c) = 2*c**3 - 22*c**2 - 56*c - 79. Is p(20) a composite number?
True
Let i be 3 - -1 - (-3 - 0). Suppose 0*a + i = a. Is (11 - a)/((-4)/(-10)) composite?
True
Let x be 0 - (4 + 6892/6)*-3. Suppose 2*o - 3483 = -k, -x = 3*o - 5*o + 4*k. Is o composite?
True
Suppose 0 = 2*p + 6*p. Let h = 373 + p. Is h prime?
True
Let h = 24039 - 6206. Is h composite?
True
Let r(j) = j**3 + 7*j**2 + 6*j. Let y be r(-4). Let a be (-802)/(-8) - 6/y. Is (a/(-6))/((-8)/12) a prime number?
False
Let c(n) = -n**3 - n. Let o be c(0). Suppose 5*g - 1775 = -o*g. Is g prime?
False
Let o(j) = -j**2 + 29*j - 5. Is o(24) prime?
False
Let n = 87 - 177. Let m = -53 - n. Let k = m + -23. Is k prime?
False
Suppose -5*u = 5*f - 225, -3*f - 4*u = -3*u - 131. Let t = f - 36. Is t a prime number?
True
Let a be -5 + 5/(5/2). Let t = 1 - a. Suppose 2*n = t*u - 72 - 252, 4*n - 182 = -2*u. Is u a composite number?
False
Let r = -246 - -423. Is r a composite number?
True
Let f = -12 + 2. Let d be 1 + 1 + 0 + f. Let g(l) = l**3 + 9*l**2 + 2*l - 11. Is g(d) composite?
False
Suppose 3*x - n - 11 = 0, 2*n + 0*n = -2*x + 18. Let u(l) = 19*l**3 - 5*l**2 + 3*l - 14. Is u(x) a composite number?
False
Let t(a) = 2523*a - 836. Is t(9) a prime number?
True
Is 30399/3 + -2 + 2/1 a prime number?
True
Suppose -11*y + 15 = -6*y. Suppose d + 446 = y*d. Is d composite?
False
Let x(m) = -52*m + 3. Let g be x(-3). Is (g/(-2))/((-6)/8) a composite number?
True
Suppose -3*k = -7*k + 4*b + 80, 4*k + 4*b - 80 = 0. Let m(o) = 12*o - 39. Is m(k) a prime number?
False
Suppose 15*c = 98448 - 33543. Is c a composite number?
False
Let r be 42/14 - (1 + -2). Suppose -4*n = r*c - 1396, -c = 4*n + 2*c - 1393. Let w = 27 + n. Is w prime?
True
Is 7/((-63)/(-46272)) + (-4)/12 a composite number?
True
Suppose -3*d + 8*d - 105 = 0. Suppose d = -7*p - 63. Is (3/(-2))/(p/2648) prime?
True
Is -4 + (4 - -5781) + (-3 - -1) a composite number?
False
Let c(u) = 3*u**2 + 16*u + 12. Let f be c(-17). Suppose -414 = -2*t - 4*p, -3*t - 4*p + f = -5*p. Is t prime?
False
Let k(z) = z**2 + z + 9. Let i(j) = 4 + 1 + 3. Let b(s) = -3*i(s) + 2*k(s). Is b(-5) prime?
False
Let z(j) = -j - 12. Let v be z(-14). Suppose -v*m + 1563 = -219. Suppose -3*t - 77 - 105 = -y, -4*t + m = 5*y. Is y a composite number?
False
Let t = -1322 + 1857. Is t prime?
False
Suppose -2*o = -o + 1. Let i be o/(2*1/(-12)). Suppose -2*y = 3*z - 1001, -i*z = -4*z - 4*y - 646. Is z composite?
False
Suppose o = 10*o - 36117. Suppose -i = 5*x - 2934, -5*x + 2*i = 1076 - o. Is x a prime number?
True
Suppose -8 = -109*d + 107*d. Let j(n) = 10*n + 7*n - 1 + 0. Is j(d) prime?
True
Suppose -4 = 4*q - 24. Suppose q*n + 17 = 3*l - 5*l, -5*l + 10 = 2*n. Is 0/(3 - l) + 689 prime?
False
Let x(n) = n**2 - 6 - 8*n**3 + 9*n**3 + 11*n - 15*n**2. Let l be x(7). Is (-4 - -2)*l + -3 composite?
False
Suppose -b - 5 = -3. Let k(w) = w**3 - 3*w + 29. Let j be k(0). Let y = j - b. Is y a composite number?
False
Let n(r) = -7400*r - 9. Is n(-14) a prime number?
True
Suppose -4*o + 111 = -17. Suppose 31*f = o*f - 743. Is f prime?
True
Suppose -2*o - 25 = 19. Let y be o/7 - 11/(-77). Is -1 - (-35 + (-6 - y)) a prime number?
True
Suppose -3*n - 6 = 0, n - 23 = -3*t - 2*t. Suppose -4*j + 5342 = -2*w, -j = t*w - 0*w - 1352. Is j a composite number?
True
Suppose -7*x + 0*x = -217357. Is x a composite number?
False
Suppose 4*q + 4256 + 4739 = 5*o, -4*q = 2*o - 3570. Let s = o + -386. Is s prime?
True
Let r(f) = -21*f**3 - 6*f**2 - 10*f + 6. Is r(-5) a prime number?
True
Let z = 161 + 498. Suppose 6*o + z = -931. Let k = 114 - o. Is k composite?
False
Suppose 2*h + 4*h + 4980 = 0. Let q = -565 - h. Is q composite?
True
Suppose 2*h - 4 = -0*s - 4*s, -s = -4*h - 19. Let f(w) = -w**2 - 7*w - 2. Let y be f(-7). Is ((-38)/h)/(y/(-4)) a composite number?
False
Suppose -3*v + 8 - 20 = c, 2*v = -10. Let a(k) = -k**3 + 4*k**2 - 4*k + 3. Let j be a(c). Suppose 3*z - 315 - 231 = -3*r, j = 3*z - 15. Is r a composite number?
True
Suppose 0 = -i - 0*i - 2*k + 10, -2*i + 4*k = -4. Suppose 0 = 5*l - i*l + 55. Suppose 3*q = 146 + l. Is q a composite number?
False
Suppose 0 = 12*y + 5*y - 46937. Is y prime?
False
Suppose 4*o - 23556 = 4004. Suppose -5*k + 5*v = -o, -716 - 642 = -k - 3*v. Is k a prime number?
True
Suppose 5*f + 2*l = -3*l + 15, 0 = 3*f - 4*l - 2. Suppose -f*z + 59 + 273 = 0. Is z a composite number?
True
Is 692540/36 - 2/9 a prime number?
True
Let o = 1444 + 6699. Is o 